{"id":48,"date":"2019-04-18T11:12:45","date_gmt":"2019-04-18T11:12:45","guid":{"rendered":"https:\/\/envothemes.com\/envo-ecommerce\/?page_id=48"},"modified":"2025-08-06T19:08:16","modified_gmt":"2025-08-06T19:08:16","slug":"contact","status":"publish","type":"page","link":"https:\/\/artealaesquinayalavereda.org\/index.php\/contact\/","title":{"rendered":"Contact"},"content":{"rendered":"\t\t<div data-elementor-type=\"wp-post\" data-elementor-id=\"48\" class=\"elementor elementor-48\">\n\t\t\t\t<div class=\"elementor-element elementor-element-9562b75 e-flex e-con-boxed e-con e-parent\" data-id=\"9562b75\" data-element_type=\"container\">\n\t\t\t\t\t<div class=\"e-con-inner\">\n\t\t\t\t<div class=\"elementor-element elementor-element-881d615 elementor-widget elementor-widget-image\" data-id=\"881d615\" data-element_type=\"widget\" data-widget_type=\"image.default\">\n\t\t\t\t\t\t\t\t\t\t\t\t\t\t\t<img fetchpriority=\"high\" decoding=\"async\" width=\"847\" height=\"476\" src=\"https:\/\/artealaesquinayalavereda.org\/wp-content\/uploads\/2025\/08\/Cabeza-publicacion-web-afiche-1024x576.png\" class=\"attachment-large size-large wp-image-1203\" alt=\"\" srcset=\"https:\/\/artealaesquinayalavereda.org\/wp-content\/uploads\/2025\/08\/Cabeza-publicacion-web-afiche-1024x576.png 1024w, https:\/\/artealaesquinayalavereda.org\/wp-content\/uploads\/2025\/08\/Cabeza-publicacion-web-afiche-300x169.png 300w, https:\/\/artealaesquinayalavereda.org\/wp-content\/uploads\/2025\/08\/Cabeza-publicacion-web-afiche-768x432.png 768w, https:\/\/artealaesquinayalavereda.org\/wp-content\/uploads\/2025\/08\/Cabeza-publicacion-web-afiche-600x337.png 600w, https:\/\/artealaesquinayalavereda.org\/wp-content\/uploads\/2025\/08\/Cabeza-publicacion-web-afiche.png 1366w\" sizes=\"(max-width: 847px) 100vw, 847px\" \/>\t\t\t\t\t\t\t\t\t\t\t\t\t\t\t<\/div>\n\t\t\t\t<div class=\"elementor-element elementor-element-c5bc81f elementor-widget elementor-widget-heading\" data-id=\"c5bc81f\" data-element_type=\"widget\" data-widget_type=\"heading.default\">\n\t\t\t\t\t<h1 class=\"elementor-heading-title elementor-size-default\">Convocatoria afiche Oficial Festival de Arte a la Esquina y la Vereda 2025 Bogot\u00e1-Sabana<\/h1>\t\t\t\t<\/div>\n\t\t\t\t\t<\/div>\n\t\t\t\t<\/div>\n\t\t<div class=\"elementor-element elementor-element-47817f3 e-flex e-con-boxed e-con e-parent\" data-id=\"47817f3\" data-element_type=\"container\">\n\t\t\t\t\t<div class=\"e-con-inner\">\n\t\t\t\t<div class=\"elementor-element elementor-element-4db1002 elementor-widget elementor-widget-text-editor\" data-id=\"4db1002\" data-element_type=\"widget\" data-widget_type=\"text-editor.default\">\n\t\t\t\t\t\t\t\t\t<h3>\u00a1Oficialmente damos inicio a nuestra S\u00e9ptima Versi\u00f3n Festival de Arte a la Esquina y la Vereda 2025 convocando a personas trabajadoras del arte visual, el dise\u00f1o gr\u00e1fico e interesadas a participar con una propuesta para nuestro afiche oficial!<\/h3><p>\u00a0<\/p><p>El Festival de Arte en la Esquina y la Vereda es un espacio para visibilizar las manifestaciones art\u00edstico-culturales y se posiciona como un referente de articulaci\u00f3n y di\u00e1logo que ha contribuido a la representaci\u00f3n cr\u00edtica de la realidad con el fin de transformarla. El festival fomenta la difusi\u00f3n y circulaci\u00f3n de la producci\u00f3n art\u00edstica y cultural vinculada a procesos de base en espacios no convencionales de car\u00e1cter popular, rural, urbano y perif\u00e9rico. Tambi\u00e9n ofrece la posibilidad de intercambiar de manera creativa experiencias desde la praxis colectiva, lo que permite reflexionar sobre los conflictos econ\u00f3micos, sociales y pol\u00edticos que afectan a la clase trabajadora mundial desde los distintos lenguajes del arte.<\/p><p>Convocamos a personas trabajadoras de las artes esc\u00e9nicas, la danza, la creaci\u00f3n literaria, la m\u00fasica, el circo, las artes vivas, la producci\u00f3n audiovisual y las artes pl\u00e1sticas, as\u00ed como a quienes producen bebidas y alimentos artesanales para que se sumen al festival y, desde todas las propuestas, enriquezcan la cultura festiva que celebra la vida, la solidaridad y la creatividad y se posiciona en contra de la explotaci\u00f3n y la degradaci\u00f3n a la que nos Somete el capital. <br \/>Para este a\u00f1o 2025, la regi\u00f3n anfitriona ser\u00e1 Bogot\u00e1 y la Sabana occidente de Cundinamarca en diferentes nodos territoriales: 5 localidades de la ciudad de Bogot\u00e1 y el municipio de Madrid Cundinamarca y contar\u00e1 con alrededor de 200 personas invitadas de diferentes regiones del pa\u00eds con sus apuestas art\u00edsticas y culturales.<\/p><p>La propuesta seleccionada tendr\u00e1 un reconocimiento social durante el festival y un incentivo econ\u00f3mico por parte de la organizaci\u00f3n de $300.000 m\/te.<\/p><p>Ejes tem\u00e1ticos:<\/p><ol><li>Condiciones culturales y sociales de la clase trabajadora: condiciones laborales, informalidad, educaci\u00f3n, vivienda, salud, trabajo reproductivo (cuidado), guerra, despojo, genocidio, estigmatizaci\u00f3n, entre otros factores que inciden directamente en la manera en que la clase trabajadora desarrolla su vida cotidiana.<\/li><li>Relaci\u00f3n entre econom\u00eda y arte: Precarizaci\u00f3n laboral de las personas trabajadoras del arte y la cultura, econom\u00eda informal, rebusque, la flexibilizaci\u00f3n laboral, entre otras din\u00e1micas que permitan problematizar la realidad laboral de este sector.<\/li><li>Visibilizaci\u00f3n de las redes comunitarias: Construcci\u00f3n de redes, procesos, propuestas y din\u00e1micas alternativas a la depredaci\u00f3n del capital; promoci\u00f3n de principios colectivos, apuestas organizativas.<\/li><\/ol><p>Elementos que se tendr\u00e1n en cuenta para la selecci\u00f3n del afiche:<\/p><ul><li>Calidad gr\u00e1fica: capacidad de s\u00edntesis en la vinculaci\u00f3n del concepto y los ejes tem\u00e1ticos del festival.<\/li><li>Relaci\u00f3n de la pieza gr\u00e1fica con la realidad socio territorial en la que tendr\u00e1 lugar el festival en esta versi\u00f3n (Bogot\u00e1 \/Sabana).<\/li><li>Versatilidad: que pueda adaptarse a diferentes formatos digitales e impresos.<\/li><\/ul><p>Requerimientos t\u00e9cnicos:<\/p><p>-Adaptable a diferentes formatos publicitarios y medios de promoci\u00f3n del festival tanto impresos como virtuales. <br \/>-Se recibir\u00e1 s\u00f3lo una propuesta por participante\/colectivo. <br \/>-La propuesta debe ser original e in\u00e9dita. <br \/>-No puede haber compromisos o grav\u00e1menes de ninguna especie que afecten la presentaci\u00f3n de la propuesta en el desarrollo de esta convocatoria. <br \/>-Adjuntar el logo del festival.<\/p><p>\u00bfQu\u00e9 se debe entregar?<\/p><p>-Diligenciamiento del formulario. <br \/>-Propuesta elaborada en formato digital JPG con una calidad de 300ppp. <br \/>-Aplicaci\u00f3n del dise\u00f1o en formato horizontal.<\/p><p>Cesi\u00f3n de derechos:<\/p><p>La propuesta ganadora debe ceder los derechos de uso, publicaci\u00f3n y divulgaci\u00f3n del festival sin \u00e1nimos comerciales, de acuerdo a los t\u00e9rminos de la ley 23 de 1982.<\/p><h4><a href=\"https:\/\/cloud.fpdsar.org\/index.php\/apps\/forms\/s\/SLj8M6CbMjLpXHCongwNd4sw\">Para enviar tu propuesta diligencia el siguiente formulario<\/a><\/h4>\t\t\t\t\t\t\t\t<\/div>\n\t\t\t\t\t<\/div>\n\t\t\t\t<\/div>\n\t\t\t\t<\/div>\n\t\t","protected":false},"excerpt":{"rendered":"<p>Convocatoria afiche Oficial Festival de Arte a la Esquina y la Vereda 2025 Bogot\u00e1-Sabana \u00a1Oficialmente damos inicio a nuestra S\u00e9ptima Versi\u00f3n Festival de Arte a la Esquina y la Vereda 2025 convocando a personas trabajadoras&hellip;<\/p>\n","protected":false},"author":1,"featured_media":0,"parent":0,"menu_order":0,"comment_status":"closed","ping_status":"closed","template":"template-parts\/template-page-builders.php","meta":{"footnotes":""},"class_list":["post-48","page","type-page","status-publish","hentry"],"_links":{"self":[{"href":"https:\/\/artealaesquinayalavereda.org\/index.php\/wp-json\/wp\/v2\/pages\/48","targetHints":{"allow":["GET"]}}],"collection":[{"href":"https:\/\/artealaesquinayalavereda.org\/index.php\/wp-json\/wp\/v2\/pages"}],"about":[{"href":"https:\/\/artealaesquinayalavereda.org\/index.php\/wp-json\/wp\/v2\/types\/page"}],"author":[{"embeddable":true,"href":"https:\/\/artealaesquinayalavereda.org\/index.php\/wp-json\/wp\/v2\/users\/1"}],"replies":[{"embeddable":true,"href":"https:\/\/artealaesquinayalavereda.org\/index.php\/wp-json\/wp\/v2\/comments?post=48"}],"version-history":[{"count":21,"href":"https:\/\/artealaesquinayalavereda.org\/index.php\/wp-json\/wp\/v2\/pages\/48\/revisions"}],"predecessor-version":[{"id":1239,"href":"https:\/\/artealaesquinayalavereda.org\/index.php\/wp-json\/wp\/v2\/pages\/48\/revisions\/1239"}],"wp:attachment":[{"href":"https:\/\/artealaesquinayalavereda.org\/index.php\/wp-json\/wp\/v2\/media?parent=48"}],"curies":[{"name":"wp","href":"https:\/\/api.w.org\/{rel}","templated":true}]}}

<div data-elementor-type="wp-post" data-elementor-id="48" class="elementor elementor-48">
				<div class="elementor-element elementor-element-9562b75 e-flex e-con-boxed e-con e-parent" data-id="9562b75" data-element_type="container">
					<div class="e-con-inner">
				<div class="elementor-element elementor-element-881d615 elementor-widget elementor-widget-image" data-id="881d615" data-element_type="widget" data-widget_type="image.default">
															<img fetchpriority="high" decoding="async" width="847" height="476" src="https://artealaesquinayalavereda.org/wp-content/uploads/2025/08/Cabeza-publicacion-web-afiche-1024x576.png" class="attachment-large size-large wp-image-1203" alt="" srcset="https://artealaesquinayalavereda.org/wp-content/uploads/2025/08/Cabeza-publicacion-web-afiche-1024x576.png 1024w, https://artealaesquinayalavereda.org/wp-content/uploads/2025/08/Cabeza-publicacion-web-afiche-300x169.png 300w, https://artealaesquinayalavereda.org/wp-content/uploads/2025/08/Cabeza-publicacion-web-afiche-768x432.png 768w, https://artealaesquinayalavereda.org/wp-content/uploads/2025/08/Cabeza-publicacion-web-afiche-600x337.png 600w, https://artealaesquinayalavereda.org/wp-content/uploads/2025/08/Cabeza-publicacion-web-afiche.png 1366w" sizes="(max-width: 847px) 100vw, 847px" />															</div>
				<div class="elementor-element elementor-element-c5bc81f elementor-widget elementor-widget-heading" data-id="c5bc81f" data-element_type="widget" data-widget_type="heading.default">
					<h1 class="elementor-heading-title elementor-size-default">Convocatoria afiche Oficial Festival de Arte a la Esquina y la Vereda 2025 Bogotá-Sabana</h1>				</div>
					</div>
				</div>
		<div class="elementor-element elementor-element-47817f3 e-flex e-con-boxed e-con e-parent" data-id="47817f3" data-element_type="container">
					<div class="e-con-inner">
				<div class="elementor-element elementor-element-4db1002 elementor-widget elementor-widget-text-editor" data-id="4db1002" data-element_type="widget" data-widget_type="text-editor.default">
									<h3>¡Oficialmente damos inicio a nuestra Séptima Versión Festival de Arte a la Esquina y la Vereda 2025 convocando a personas trabajadoras del arte visual, el diseño gráfico e interesadas a participar con una propuesta para nuestro afiche oficial!</h3><p> </p><p>El Festival de Arte en la Esquina y la Vereda es un espacio para visibilizar las manifestaciones artístico-culturales y se posiciona como un referente de articulación y diálogo que ha contribuido a la representación crítica de la realidad con el fin de transformarla. El festival fomenta la difusión y circulación de la producción artística y cultural vinculada a procesos de base en espacios no convencionales de carácter popular, rural, urbano y periférico. También ofrece la posibilidad de intercambiar de manera creativa experiencias desde la praxis colectiva, lo que permite reflexionar sobre los conflictos económicos, sociales y políticos que afectan a la clase trabajadora mundial desde los distintos lenguajes del arte.</p><p>Convocamos a personas trabajadoras de las artes escénicas, la danza, la creación literaria, la música, el circo, las artes vivas, la producción audiovisual y las artes plásticas, así como a quienes producen bebidas y alimentos artesanales para que se sumen al festival y, desde todas las propuestas, enriquezcan la cultura festiva que celebra la vida, la solidaridad y la creatividad y se posiciona en contra de la explotación y la degradación a la que nos Somete el capital. <br />Para este año 2025, la región anfitriona será Bogotá y la Sabana occidente de Cundinamarca en diferentes nodos territoriales: 5 localidades de la ciudad de Bogotá y el municipio de Madrid Cundinamarca y contará con alrededor de 200 personas invitadas de diferentes regiones del país con sus apuestas artísticas y culturales.</p><p>La propuesta seleccionada tendrá un reconocimiento social durante el festival y un incentivo económico por parte de la organización de $300.000 m/te.</p><p>Ejes temáticos:</p><ol><li>Condiciones culturales y sociales de la clase trabajadora: condiciones laborales, informalidad, educación, vivienda, salud, trabajo reproductivo (cuidado), guerra, despojo, genocidio, estigmatización, entre otros factores que inciden directamente en la manera en que la clase trabajadora desarrolla su vida cotidiana.</li><li>Relación entre economía y arte: Precarización laboral de las personas trabajadoras del arte y la cultura, economía informal, rebusque, la flexibilización laboral, entre otras dinámicas que permitan problematizar la realidad laboral de este sector.</li><li>Visibilización de las redes comunitarias: Construcción de redes, procesos, propuestas y dinámicas alternativas a la depredación del capital; promoción de principios colectivos, apuestas organizativas.</li></ol><p>Elementos que se tendrán en cuenta para la selección del afiche:</p><ul><li>Calidad gráfica: capacidad de síntesis en la vinculación del concepto y los ejes temáticos del festival.</li><li>Relación de la pieza gráfica con la realidad socio territorial en la que tendrá lugar el festival en esta versión (Bogotá /Sabana).</li><li>Versatilidad: que pueda adaptarse a diferentes formatos digitales e impresos.</li></ul><p>Requerimientos técnicos:</p><p>-Adaptable a diferentes formatos publicitarios y medios de promoción del festival tanto impresos como virtuales. <br />-Se recibirá sólo una propuesta por participante/colectivo. <br />-La propuesta debe ser original e inédita. <br />-No puede haber compromisos o gravámenes de ninguna especie que afecten la presentación de la propuesta en el desarrollo de esta convocatoria. <br />-Adjuntar el logo del festival.</p><p>¿Qué se debe entregar?</p><p>-Diligenciamiento del formulario. <br />-Propuesta elaborada en formato digital JPG con una calidad de 300ppp. <br />-Aplicación del diseño en formato horizontal.</p><p>Cesión de derechos:</p><p>La propuesta ganadora debe ceder los derechos de uso, publicación y divulgación del festival sin ánimos comerciales, de acuerdo a los términos de la ley 23 de 1982.</p><h4><a href="https://cloud.fpdsar.org/index.php/apps/forms/s/SLj8M6CbMjLpXHCongwNd4sw">Para enviar tu propuesta diligencia el siguiente formulario</a></h4>								</div>
					</div>
				</div>
				</div>

<p>Convocatoria afiche Oficial Festival de Arte a la Esquina y la Vereda 2025 Bogotá-Sabana ¡Oficialmente damos inicio a nuestra Séptima Versión Festival de Arte a la Esquina y la Vereda 2025 convocando a personas trabajadoras&hellip;</p>
